on factor of a and 168.
24
Suppose -5*m + 44 = -m. Let p(o) = -2*o**3 - 12*o**2 - 12*o - 77. Let t be p(-8). What is the highest common factor of t and m?
11
Let d = -467079 - -467098. Suppose -2*c = -1012 - 394. What is the highest common factor of d and c?
19
Suppose v - 12 = 4*n - 4, -1 = 3*n - 2*v. Let l = 57 + -72. Let g be (78/(-10))/n - (-9)/l. What is the highest common divisor of 8 and g?
2
Suppose 6*t - 9*t - 788 = -2*o, 4*o = 5*t + 1570. Calculate the greatest common factor of 165 and o.
55
Suppose -4 = -4*t, 2*f + 2*t - 20 + 8 = 0. Suppose 10*s = 14*s + k - 57, 4*k = f*s - 66. Calculate the highest common factor of 434 and s.
14
Suppose -d - 3 = -4*o, d + 6 = -3*o + 17. Suppose 475 = 5*q + d*w, 34*q = 36*q - w - 181. Calculate the greatest common factor of 115 and q.
23
Suppose 4*c + c = -3*p + 120, 0 = -5*c + 2*p + 145. Let l = c - 25. Suppose l*s + 9 = 4*g - 27, 5*g = 5*s + 50. Calculate the highest common factor of g and 64.
8
Let g be (-1)/(-3) + (-1)/3. Suppose -14*i = 15*i - 58. Suppose g = 3*o - i*o - 2. What is the greatest common divisor of 4 and o?
2
Let d = -7595 - -13908. Calculate the highest common factor of d and 107.
107
Let a(n) = -240*n**3 - 7*n**2 + 15*n + 52. Let t be a(-3). Calculate the greatest common factor of t and 88.
88
Let r(i) = -8*i. Let f be r(-2). Let y be (5 + -46)*(-4 - 3/(-1)). Let q = y + -9. What is the highest common divisor of q and f?
16
Let b(x) be the first derivative of -1/3*x**3 - 1/2*x**4 - x**2 + 13 + 4*x. Let o be b(-2). What is the highest common factor of o and 90?
10
Let z = 9 - -141. Let v = 908173 - 908113. What is the highest common divisor of z and v?
30
Let c be (-968)/((-1)/(2/10) + 4). Let r be 3*3/27 - c/(-12). Calculate the greatest common divisor of 18 and r.
9
Suppose -c - 2*n - 11 = 0, 26 = -2*c - 4*n - n. Let m be -390*((-3)/10 + c/15). Calculate the highest common factor of m and 117.
39
Suppose 5*k + 0*u + 5*u - 65 = 0, 4*k + u = 40. Suppose x = -k*x + 1190. What is the greatest common factor of x and 34?
17
Suppose 0 = 7*q - 293 - 799. Suppose -4*m - 30 = -l, -2*l = 2*l - 4*m - q. Suppose -184 = -2*x + 26. What is the greatest common divisor of l and x?
21
Let q = 3764 - -787. Calculate the greatest common factor of q and 111.
111
Suppose -90*j + 41879 = -53120 - 2111. Calculate the greatest common divisor of j and 13.
13
Let r = -1626 - -1962. Calculate the highest common divisor of 588 and r.
84
Let g(u) = 10*u - 147. Let l be g(16). Let c(x) = -2*x + 547. Let b be c(-6). What is the highest common factor of b and l?
13
Let j be 2/(-7)*-42 + (1 - -200). What is the greatest common factor of j and 24?
3
Let x be 52120/((-24)/(-3)) - (15 - 17). Calculate the highest common divisor of 49 and x.
49
Let v(y) = 4*y**2 - 188*y - 7. Let d(k) = -13*k**2 + 564*k + 21. Let t(q) = -3*d(q) - 8*v(q). Let j be t(27). Calculate the highest common divisor of 150 and j.
10
Suppose 2*z = 7*w - 3*w + 8, 0 = -4*w - 2*z. Let i(t) = -718*t + 2. Let x be i(w). What is the greatest common factor of 20 and x?
20
Let s(k) = -11*k + 36 + 8*k + 14*k - 6 + 8*k. Let m be s(4). Calculate the highest common factor of m and 689.
53
Suppose -1190 = -11*p + 4332. Suppose 0 = 501*u - p*u + 11. Let l be ((-2)/(-4))/((-1)/(-242)). Calculate the highest common factor of u and l.
11
Suppose 2*l - 12*k = -7*k + 2542, 0 = -5*l + k + 6355. What is the highest common divisor of l and 82?
41
Let n = 16 + -1. Suppose 15 = 3*s - n. Suppose 0 = v + 4*r - 7, 38 = 4*v - 4*r + s. Calculate the greatest common factor of v and 21.
7
Suppose 58*m = 22*m. Let i be (m - 7/(-14))*28. What is the highest common factor of i and 784?
14
Suppose -10248*l + 10238*l + 18460 = 0. Calculate the greatest common divisor of l and 26.
26
Let h = 18 - 4. Let p = 86 - 81. Suppose 2*s = -s, -n + 28 = -p*s. Calculate the highest common factor of n and h.
14
Let s be 1254/20 + (-357)/(-1190). Calculate the greatest common divisor of s and 861.
21
Let a = 314 + -182. Suppose -9*i - a = -13*i. What is the highest common divisor of 143 and i?
11
Let a be 1*(-87)/(-3) - (4 + -2). Suppose 18*m - 7*m - 42 - 123 = 0. What is the highest common factor of a and m?
3
Let g = -109 - -169. Let l be (-1)/(-15) - (-100796)/g. What is the highest common divisor of 105 and l?
105
Let s = -190 - -1485. Let r = -1195 + s. Suppose -4*h + 75 = -h. What is the greatest common factor of h and r?
25
Let w = 71 - 167. Let m = 123 + w. Calculate the highest common divisor of 36 and m.
9
Suppose -2*b + 347 + 51 = 78. What is the highest common divisor of 920 and b?
40
Let u(c) = 19*c + 1523. Let j be u(-80). Let r = 215 + -132. Let s be r/4 - (-1)/4. Calculate the greatest common factor of j and s.
3
Suppose -3*k - 5*b - 75 = 2*k, -4*b + 31 = -3*k. Let w(c) = -7*c - 58. Let j be w(k). What is the highest common factor of 528 and j?
33
Let f = -6 - -7. Let l = f - -9. Let a = -302 - -304. What is the greatest common divisor of a and l?
2
Suppose -4*h - 141 = -y, h + 223 + 266 = 4*y. Let i = 133 - y. Suppose -7*m + 36 = -5*m. Calculate the highest common factor of i and m.
6
Suppose -13*q = 45*q - 15428. What is the greatest common factor of q and 35?
7
Let h(a) be the second derivative of a**3 - 5*a**2 - 2*a. Let n be h(3). Calculate the highest common divisor of 10 and n.
2
Let a(i) = 26*i + 65. Let m(f) = 14*f + 33. Let k(o) = 4*a(o) - 7*m(o). Let h be k(8). What is the highest common factor of 11 and h?
11
Suppose 17*q - 2341 = 12364. Calculate the greatest common factor of 15 and q.
5
Suppose -6*x = -4*x + 80. Let d = 50 - x. Suppose 3 = -2*w + 23. Calculate the highest common factor of d and w.
10
Suppose 3*l - 1847 = -4*i - 190, l = i + 564. Suppose -2*s = 3*h - 135, 53 = 4*h + 2*s - 125. What is the greatest common factor of l and h?
43
Suppose -3*n = 2*k - 74, -4*n - 3*k + 88 = -9. Let s be 45 - (8 - (-3 + 8)). What is the highest common factor of s and n?
14
Suppose 5*u = 15, 3*i + 0*u + 12 = 4*u. Suppose -5*w + 6*w = 3*t - 195, i = 4*t - 3*w - 255. Calculate the greatest common divisor of 1 and t.
1
Let x = 3876 + -3462. Calculate the greatest common divisor of x and 322.
46
Suppose -i - a - 5 = -4*i, -3*i - 3*a + 21 = 0. Suppose i*t + 2*z = 2*t + 13, 0 = -4*t + 5*z + 65. Calculate the highest common divisor of 60 and t.
15
Suppose -5*z = 3*n - 35, 6*n - 4*z + 31 = 9*n. Suppose 4*y = 5*a - 38, n*a - 2*a = -y + 16. Calculate the greatest common factor of a and 318.
6
Let x = 2540 - 2530. Let s be (-3)/(-2)*4/6. Suppose y + s = x. Calculate the greatest common divisor of 45 and y.
9
Suppose -t + 219 = -2*v, -194 = -t - 3*v - 0*v. Let j = t + -158. Suppose 0*k = 3*k - 51. Calculate the highest common factor of k and j.
17
Let p = -5 - -30. Suppose 2*c + 0*c + 101 = 5*q, -q + 2*c = -p. What is the highest common factor of q and 133?
19
Let j = -15632 + 15897. What is the greatest common factor of 85 and j?
5
Let a(r) = -r**3 + r**2 + 1. Let w(i) = -4*i**2 + 15*i - 22. Let o(q) = -a(q) + w(q). Let d be o(7). What is the greatest common divisor of 20 and d?
20
Let a be (6 + -61)/(-11) + ((-2346)/(-2) - 3). What is the greatest common divisor of a and 5?
5
Let r = 393 - 379. Let f(a) = -86*a + 8. Let t be f(-3). Calculate the highest common divisor of r and t.
14
Suppose 2*t + 0*t = 14. Suppose -t*l + 5*x - 2 = -3*l, 4 = l + x. Suppose l*y - 32 = 2*o, -4 = -0*y - y - 5*o. Calculate the highest common divisor of y and 70.
14
Let r = -137 - -172. Let f = 150 - r. Suppose 184 = 3*a + a. Calculate the highest common divisor of a and f.
23
Suppose 0 = -8*y + 87 - 23. Let v be 1/((-115)/(-57) + -2). Suppose 5*c + w - 50 = -5, 5*w = -4*c + v. What is the highest common factor of y and c?
8
Let f = -3886 - -3892. Let g = -12 + 21. Suppose -a - j = -0*a - g, 4*a + 2*j = 34. What is the highest common divisor of a and f?
2
Suppose -146*p + 630 = -137*p. Calculate the greatest common divisor of 2590 and p.
70
Let v be 7/8 - (-151560)/576. Suppose -33 = -2*g + g. What is the highest common divisor of g and v?
33
Let m(v) = -29*v - 11. Let p(d) = -79*d + 16 - 23*d - 30 - 25. Let f(u) = -18*m(u) + 5*p(u). Let i be f(1). Calculate the greatest common divisor of i and 75.
15
Suppose -x - 28*x = 33*x - 1745734. What is the highest common factor of 37 and x?
37
Suppose -2*c 